nds digit of q?
4
Let v(r) = -40*r**2 + 7*r - 12. Let p be v(5). Let l = p + 1687. What is the units digit of l?
0
What is the thousands digit of 16410/(-40)*-4*(-1 + 18)?
7
Suppose j - x - 8 = 0, 0 = 4*j - 2*x - 22. Suppose -10*r = -14*r + 24. Suppose -j*t + r = -6, 4*o = 4*t + 480. What is the units digit of o?
4
Let k(p) = -5*p**2 + 8*p**2 + 5*p**2 + 10*p - 14*p**2 + 10*p**2 + 14. Let n(m) = -6*m. Let l be n(1). What is the tens digit of k(l)?
9
Let q(p) = 24*p + 5940. What is the hundreds digit of q(39)?
8
Suppose -43*q = -41*q - 8. What is the units digit of q - 56/12 - 16104/(-18)?
4
Suppose -40977 = -12*b - 9369. What is the tens digit of b?
3
Suppose 4*n - 15*t = -11*t + 247540, t = 5*n - 309429. What is the units digit of n?
6
What is the units digit of ((-274341)/76)/(2/(-24))?
7
Suppose 0 = 59*v - 118384 - 33187. What is the units digit of v?
9
Suppose 0*z + 24*z - 251280 = -6*z. What is the thousands digit of z?
8
What is the hundreds digit of 3956 - (-8*3/(-5) - 12/15)?
9
Suppose 2*w + 58 + 4 = 0. Let i(v) = -2*v**3 + 3*v**2 - 5*v + 6. Let r be i(2). Let u = r - w. What is the units digit of u?
3
What is the tens digit of 9/(-3) + (-11)/((-209)/27702)?
5
Let v = 39650 - 23313. What is the units digit of v?
7
Let k(i) = 100*i + 1017. What is the units digit of k(12)?
7
Let b be 1 + (-3)/5 - 160/400. Suppose 0 = -5*d + 5*l + 6960, b = -69*d + 67*d + 3*l + 2783. What is the tens digit of d?
9
Suppose 88*i - 137*i + 504700 = 0. What is the ten thousands digit of i?
1
Suppose 264275 = 25*z + 6*z. What is the thousands digit of z?
8
Let t = 10 + -5. Suppose 4*z - 878 = -3*f + t*z, -2*f - z = -582. Suppose -11*w = -7*w - f. What is the tens digit of w?
7
Let h = 257 - 362. Let o = -11 - h. What is the tens digit of o?
9
Suppose 13*h - 31*h + 126 = 0. What is the hundreds digit of (h/21)/(4 + 23541/(-5886))?
6
Let j = -16316 + 24380. What is the thousands digit of j?
8
Let x(f) = 3*f**3 + 5*f**2 + 67*f - 168. What is the tens digit of x(14)?
8
Let i = -1708 + 8813. What is the hundreds digit of i?
1
Suppose 0 = -i - 5*x + 1421 + 1018, -3*x = -3*i + 7281. What is the hundreds digit of i?
4
Suppose -p - 395 + 1329 = 3*b, -4*p + 3686 = 2*b. Suppose 921*f - p*f = 2986. What is the hundreds digit of f?
4
Let i(c) = 9*c**3 - c**2 - 103*c + 74. What is the ten thousands digit of i(16)?
3
Suppose -5*a - 1349 + 4889 = -3*h, -5*h + 2124 = 3*a. What is the hundreds digit of a?
7
Let r = 52013 - 22956. What is the ten thousands digit of r?
2
Suppose 1018 = -r + 4*s, 4*r - 2*s - 409 + 4537 = 0. Let h = 247 - r. What is the tens digit of h?
8
Suppose 2*t - 109*p - 3313 = -106*p, -p - 3323 = -2*t. What is the units digit of t?
4
Suppose 8*s = -0 + 8. Suppose -6 + 24 = 2*m - c, -30 = -2*m - 2*c. What is the units digit of m + (1 - 2)*s?
0
Let f(r) = 5451*r - 929. What is the ten thousands digit of f(4)?
2
Let f(w) = 22 - 3*w - 36 + w + 26. Let i be f(4). Suppose 5*m - 353 = -i*y, -5*y + 3*y - 79 = -m. What is the units digit of m?
3
Let x(f) = -f**3 + 38. Let i be x(0). Let o = -794 + 796. Let u = i - o. What is the tens digit of u?
3
Let m = -211 - -225. Suppose s = -m*s + 2040. What is the hundreds digit of s?
1
Suppose 3*h = 4*d - 1438, -5*h - 3*d - 448 - 1997 = 0. Let f = 1002 + -275. Let k = h + f. What is the hundreds digit of k?
2
Suppose -4*p + 10715 = 3*z, -6*p + 10*p - 10729 = -z. What is the tens digit of p?
8
Suppose -22*g = -20*g - 89*g + 2176566. What is the ten thousands digit of g?
2
Let p = 324 + -179. Let x = -119 + p. What is the units digit of x?
6
Let k(c) = -3900*c**3 + 2*c**2 - 5. What is the thousands digit of k(-1)?
3
Suppose 13*f = 3174 + 1948. Let z = 852 - f. Suppose 4*w - 553 = -5*s, -3*w = -4*s - w + z. What is the tens digit of s?
1
Let f(t) = 495*t**2 + 10*t - 9. Let b be f(1). Suppose m - b = -0. What is the hundreds digit of m?
4
Suppose 3*z + 4857 - 27939 = -p, 4*z - 2*p = 30796. What is the hundreds digit of z?
6
What is the units digit of 2 + 4 - (24/(-3) - (15 + 67817))?
6
Let k(a) = a**3 + 40*a**2 - 212*a + 20. What is the hundreds digit of k(-40)?
5
Let k = 3918 - 1280. What is the units digit of k?
8
Suppose 4*o = 3*c + 27, 0*o + 5*o - 2*c = 39. Suppose -11*f = -o*f - 3*y - 260, 5*y = 5*f - 645. What is the tens digit of f?
2
Suppose 120*j - 205002 = 106*j. Suppose 176*d - j = 167*d. What is the thousands digit of d?
1
Let u = 4 - 7. Let z(v) be the second derivative of v**5/20 + v**4/4 - v**3/2 - 3*v**2/2 - 7*v + 3. What is the units digit of z(u)?
6
Let q be 1 + (1 + -4 - 2) + 756. Let g = -311 + q. What is the hundreds digit of g?
4
Let c = 789 - 1556. Let f = c - -1343. Suppose -4*g = -8*g + f. What is the units digit of g?
4
Let v be 16/(-6) - (-8)/(-6). Let p be 1/v - (-2 + (-69)/(-12)). What is the tens digit of (-19)/(19/5 + p)?
9
Let k(f) = -6*f + 51. Let t be k(8). Suppose 2*j = 5*v - 861, t*v - 123 = -3*j + 381. What is the tens digit of v?
7
Suppose -546260 = -12*s + 10*s - 20*s. What is the units digit of s?
0
Suppose 2*z + 13 = 5*h, h = -12*z + 7*z + 8. Suppose 5*j = -25, 815 = 2*a - h*j - 76. What is the tens digit of a?
3
Let h(k) = -21*k + 5. Let c be h(-1). Suppose -4*o = y - c + 3, 3*y = -5*o + 34. Suppose y*u = 2*b - 0*u - 450, 2*u - 218 = -b. What is the hundreds digit of b?
2
Let n(x) be the second derivative of x**4/12 - 5*x**3/6 + 15*x**2 - 6*x - 7. What is the units digit of n(14)?
6
Suppose 5*k = -2*q + 9706, -4853 = -25*q + 24*q - 4*k. Suppose 7*z - 264 = q. What is the tens digit of z?
3
Let g(y) = -12*y + 203. What is the tens digit of g(-5)?
6
What is the tens digit of (-6)/(-7)*(18 - 11) - -7218?
2
Suppose -2*h - 197 = w - 5*h, -4*h = -2*w - 400. Let m = -89 - w. What is the units digit of m?
7
Suppose -65 = -4*n - 9. Let u = 257 + -148. Let o = u - n. What is the units digit of o?
5
Suppose -u = f - 4, -2*f - 20 = -u - 7*f. Suppose i + u*i = 4. Suppose -112 = -11*n + i*n. What is the units digit of n?
6
Let m be (-2)/13 + 10/65. Suppose 5*z + m*z + 40 = 5*g, -2*z = -3*g + 27. Suppose 3*n + 816 = g*n. What is the units digit of n?
2
Let b(g) = 5*g - 1. Let t be b(-4). Let w = t - -24. Suppose -x + 80 = -r, 0*x - 3*r + 228 = w*x. What is the tens digit of x?
7
Suppose 17*o - 74804 - 99185 - 783519 = 0. What is the units digit of o?
4
What is the thousands digit of 868375/525 - (-8)/(-168)?
1
Suppose -3*a - 1887518 = -34*a - 6*a. What is the hundreds digit of a?
0
Let n = -19 - -25. Let h be 63/(-6)*n/(-1). Suppose -3*q - 6*q = -h. What is the units digit of q?
7
Let g be (-2)/7 + 3135/21. Let c = 1898 + -1819. Suppose 4*d - g = c. What is the units digit of d?
7
What is the units digit of -5 - 84/(-18) - (-244741)/21?
4
Let d(x) = 10*x**3 - 188*x**2 - 30*x + 34. What is the units digit of d(21)?
6
Let s = 1471 + -1009. What is the units digit of s?
2
Suppose 0 = -182*l + 2919007 + 1179633. What is the units digit of l?
0
Suppose -2*m + 59600 = 3*x - 51298, 3*m - x - 166347 = 0. What is the ten thousands digit of m?
5
Suppose 3*i - 197 = -v, -v = -2*i - 148 - 39. Suppose 0*x - 3*y - v = -4*x, -4*x = -y - 181. What is the tens digit of x?
4
Suppose -5 = -5*m + 5*b, 36*b - 33*b - 4 = -4*m. Suppose 0 = -4*t, x + 5*t + 1 + 1 = 0. What is the units digit of 3 - m*3/(3/x)?
5
Let w be ((-2 - -6)/4)/((-1)/(-3036)). Suppose 133*n - 131*n - w = 0. What is the tens digit of n?
1
Let b = -182 + 214. Suppose b*j = 7*j + 12300. What is the tens digit of j?
9
Let v(d) = -1200*d + 15. Let f be v(-1). Suppose 24*t - 33*t = -f. What is the hundreds digit of t?
1
Let k be (-3)/6*0*1. Suppose k = 3*g + 5*f - 1628, 2*g - 1098 = -2*f + 5*f. Suppose 4*l = i + 63 - 189, 5*l = -4*i + g. What is the hundreds digit of i?
1
Let p(v) = 45*v**2 - 4*v + 13. Let j = 298 - 295. What is the units digit of p(j)?
6
Let t be 98/(-42) - 4/6. Let n(d) = -d**3 - 4*d**2 + 7. Let c be n(t). What is the units digit of 1 + (113 - (5 + c))?
1
Let m be (6 - (2 - -5)) + -1 + 5. Let h(j) = -24 - m*j + j**2 + 55 + 10*j. What is the units digit of h(-6)?
5
Suppose x - 14437 = -y, 2*y - 5*x - 9381 = 19535. What is the hundreds digit of y?
4
Let y(a) = -2*a**2 - 27*a + 15. Let r be y(-14). What is the tens digit of 3/(3*r/152)*1?
5
Suppose 0 = 135*k - 182*k + 325569. What is the tens digit of k?
2
Let w = 340 - 340. Suppose -2*b + 